 of 164135440?
2, 5, 7, 293099
What are the prime factors of 4357708272?
2, 3, 373, 81131
What are the prime factors of 372531060?
2, 3, 5, 11, 188147
List the prime factors of 1171858946.
2, 585929473
What are the prime factors of 877001663?
10303, 85121
List the prime factors of 3140879923.
239, 13141757
List the prime factors of 157540225.
5, 23, 83, 3301
List the prime factors of 1138355321.
1138355321
List the prime factors of 2126049798.
2, 3, 29, 101, 120977
What are the prime factors of 953922584?
2, 1019, 117017
What are the prime factors of 183561255?
3, 5, 37, 36749
List the prime factors of 73068887.
73068887
What are the prime factors of 222975284?
2, 7, 1137629
What are the prime factors of 450860005?
5, 59, 251, 6089
What are the prime factors of 1169179675?
5, 17, 43, 63977
List the prime factors of 49459260.
2, 3, 5, 31, 26591
What are the prime factors of 276012904?
2, 827, 41719
What are the prime factors of 4446955142?
2, 7, 53, 5993201
List the prime factors of 731789131.
31, 2411, 9791
List the prime factors of 1674921775.
5, 269, 249059
What are the prime factors of 482132171?
482132171
List the prime factors of 93259346.
2, 31, 43, 34981
What are the prime factors of 440807404?
2, 110201851
What are the prime factors of 153269779?
13, 11789983
What are the prime factors of 700040589?
3, 53, 67, 65713
List the prime factors of 2312164067.
17, 136009651
List the prime factors of 132204193.
11, 691, 17393
List the prime factors of 133929962.
2, 83, 806807
What are the prime factors of 356316846?
2, 3, 2347, 25303
What are the prime factors of 45004075?
5, 283, 6361
What are the prime factors of 24094564?
2, 13, 31, 14947
List the prime factors of 439931533.
439931533
List the prime factors of 734702835.
3, 5, 113, 433453
List the prime factors of 749380887.
3, 31, 283, 9491
List the prime factors of 1475275770.
2, 3, 5, 557, 29429
What are the prime factors of 32194684?
2, 8048671
What are the prime factors of 187937186?
2, 23, 73, 55967
What are the prime factors of 6071314900?
2, 5, 7, 1597, 5431
What are the prime factors of 304452856?
2, 38056607
List the prime factors of 6674324812.
2, 1668581203
What are the prime factors of 3699774003?
3, 71, 17369831
What are the prime factors of 2399681431?
7, 342811633
List the prime factors of 1791547934.
2, 11, 367, 221891
What are the prime factors of 4194317805?
3, 5, 331, 844777
List the prime factors of 153316578.
2, 3, 1291, 19793
What are the prime factors of 440906494?
2, 7, 31493321
List the prime factors of 1240845973.
151, 8217523
List the prime factors of 93108964.
2, 13, 1790557
List the prime factors of 44508335.
5, 23, 83, 4663
What are the prime factors of 5209512498?
2, 3, 29, 59, 169151
List the prime factors of 11234274.
2, 3, 79, 137, 173
What are the prime factors of 132386208?
2, 3, 17, 81119
List the prime factors of 3102215.
5, 101, 6143
What are the prime factors of 37250670?
2, 3, 5, 317, 3917
What are the prime factors of 614828581?
19, 379, 85381
What are the prime factors of 2083287935?
5, 29, 59, 243517
What are the prime factors of 4085643?
3, 79, 17239
List the prime factors of 659177181.
3, 13, 797, 7069
List the prime factors of 88920974.
2, 5857, 7591
List the prime factors of 87240246.
2, 3, 193, 75337
List the prime factors of 4122757115.
5, 31, 26598433
List the prime factors of 4929130099.
4929130099
What are the prime factors of 1316321870?
2, 5, 977, 134731
What are the prime factors of 8608622?
2, 11, 391301
What are the prime factors of 60776215?
5, 1301, 9343
What are the prime factors of 749828179?
19, 39464641
What are the prime factors of 184377430?
2, 5, 23, 801641
List the prime factors of 98808233.
17, 229, 1493
List the prime factors of 1285338095.
5, 23, 271, 41243
List the prime factors of 56482816.
2, 13, 4243
What are the prime factors of 94554600?
2, 3, 5, 7, 47, 479
List the prime factors of 233778763.
233778763
What are the prime factors of 19544351?
19544351
List the prime factors of 46561379.
3917, 11887
What are the prime factors of 632155437?
3, 23, 3053891
List the prime factors of 3594979057.
1523, 2360459
What are the prime factors of 1404239883?
3, 13553, 34537
What are the prime factors of 54009698?
2, 103, 239, 1097
What are the prime factors of 31858020?
2, 3, 5, 176989
What are the prime factors of 197296127?
7, 101, 179, 1559
List the prime factors of 307304932.
2, 11, 23, 151, 2011
What are the prime factors of 3880433496?
2, 3, 1061, 152389
List the prime factors of 29002077.
3, 13, 53, 1559
List the prime factors of 23094686.
2, 11547343
What are the prime factors of 88184068?
2, 7, 103, 30577
What are the prime factors of 105032450?
2, 5, 2100649
What are the prime factors of 1800009703?
1800009703
List the prime factors of 555079988.
2, 17, 71, 6763
List the prime factors of 1554071801.
18701, 83101
List the prime factors of 195137532.
2, 3, 41, 127, 347
What are the prime factors of 115033413?
3, 11, 41, 85021
List the prime factors of 7627898201.
7, 11, 9005783
List the prime factors of 366537272.
2, 17, 2695127
What are the prime factors of 156288155?
5, 31257631
List the prime factors of 74196757.
41, 367, 4931
List the prime factors of 991615762.
2, 37, 653, 20521
List the prime factors of 175200856.
2, 21900107
What are the prime factors of 149197320?
2, 3, 5, 23, 37, 487
What are the prime factors of 146746920?
2, 3, 5, 313, 3907
List the prime factors of 868676424.
2, 3, 7, 11, 151, 283
What are the prime factors of 260375466?
2, 3, 13, 3338147
What are the prime factors of 1880498474?
2, 71, 139, 95273
What are the prime factors of 175772248?
2, 17, 29, 41, 1087
List the prime factors of 316024465.
5, 419, 150847
What are the prime factors of 36387563?
36387563
What are the prime factors of 1047563770?
2, 5, 11, 131, 139, 523
List the prime factors of 6872480850.
2, 3, 5, 53, 239, 3617
List the prime factors of 332666166.
2, 3, 7, 17, 27407
List the prime factors of 72317563.
41, 1763843
List the prime factors of 1690782842.
2, 7, 31, 3895813
List the prime factors of 1480188059.
7, 2063, 102499
What are the prime factors of 178771281?
3, 13, 1087, 4217
List the prime factors of 615018972.
2, 3, 51251581
List the prime factors of 238524246.
2, 3, 17, 29, 26879
What are the prime factors of 91656006?
2, 3, 13, 1175077
List the prime factors of 13924883.
7, 839, 2371
List the prime factors of 617525446.
2, 5119, 60317
List the prime factors of 132105475.
5, 101, 113, 463
What are the prime factors of 2956911576?
2, 3, 2267, 54347
List the prime factors of 3427248888.
2, 3, 7, 61, 37159
What are the prime factors of 7286849?
7286849
List the prime factors of 5843971073.
181, 439, 73547
List the prime factors of 16973570.
2, 5, 1697357
List the prime factors of 20597819.
11, 1872529
List the prime factors of 535856035.
5, 11, 13, 749449
List the prime factors of 360839789.
43, 8391623
List the prime factors of 315546112.
2, 7, 17, 5179
What are the prime factors of 4200134574?
2, 3, 700022429
What are the prime factors of 100227647?
13, 71, 8353
List the prime factors of 247323895.
5, 7, 13, 41813
What are the prime factors of 123928269?
3, 3067, 13469
What are the prime factors of 200788537?
83, 227, 10657
List the prime factors of 634703.
634703
List the prime factors of 157600200.
2, 3, 5, 17, 15451
List the prime factors of 211423408.
2, 7, 1321, 1429
List the prime factors of 103989753.
3, 7, 1031, 1601
What are the prime factors of 126271963?
113, 1117451
What are the prime factors of 18517341?
3, 29, 212843
List the prime factors of 941671994.
2, 470835997
List the prime factors of 1452019246.
2, 726009623
List the prime factors of 1246904737.
13, 109, 879961
List the prime factors of 647284265.
5, 17, 7615109
What are the prime factors of 315203409?
3, 17, 61, 33773
What are the prime factors of 676393556?
2, 169098389
List the prime factors of 97717724.
2, 13, 1879187
What are the prime factors of 16669641?
3, 23, 241589
What are the prime factors of 810472723?
18047, 44909
What are the prime factors of 6423003907?
59, 251, 433723
List the prime factors of 917334037.
827, 1109231
List the prime factors of 756080853.
3, 11, 113, 202757
List the prime factors of 1439361646.
2, 107, 1907,